- 644 = 3*k. What is the greatest common divisor of 23 and k?
23
Suppose 0 = -f + 2, 3*s - 4*s + 43 = -4*f. What is the highest common divisor of 17 and s?
17
Suppose 5*w - 3*p = 400, 0 = -3*w - 3*p + 150 + 90. What is the greatest common divisor of 10 and w?
10
Suppose -6*v - v + 70 = 0. Let q be -106*2*(-1)/4. Let a = -3 + q. Calculate the highest common factor of a and v.
10
Let s be (18/21)/(2/84). Calculate the greatest common factor of 24 and s.
12
Suppose -2 = -2*f, -3*f + 6*f = -n + 7. Let b = 11 - n. Calculate the greatest common divisor of 56 and b.
7
Suppose -8 = 4*m, 8*f - 6*f = 2*m + 132. Calculate the greatest common divisor of f and 112.
16
Let w be (-1)/(4 - (-116)/(-28)). Let j be 0 + (9 - (-1)/1). Let u be -1*j/3*-21. Calculate the highest common factor of w and u.
7
Suppose 7 + 20 = 3*z. Calculate the greatest common divisor of z and 81.
9
Let u be 20/8*(-162)/(-15). What is the greatest common factor of 3 and u?
3
Let h be (12/8)/((-6)/(-16)). Suppose z - 496 = -h*y - z, -3*z = -2*y + 264. Let w = -18 - -32. Calculate the greatest common divisor of y and w.
14
Suppose 5*a + 3 = -u + 2*a, 0 = 2*u - 2*a - 26. Calculate the highest common factor of 1 and u.
1
Suppose 2*r + 0*r = -8, 2*r = -l - 5. Let j be l/((4/1)/4). What is the greatest common factor of j and 9?
3
Let t = 56 + -17. Let r = 4 + 2. Let q be 1 - -14 - r/3. Calculate the greatest common factor of t and q.
13
Let f be (-40)/25*250/(-4). What is the greatest common divisor of 4 and f?
4
Let s(z) = -z**3 - 3*z**2 + 7*z + 30. Let j be s(-5). Let q(v) = -v**3 + 4*v**2 + 4*v - 1. Let x be q(4). What is the greatest common factor of j and x?
15
Let o(s) = s**2 - 8*s - 8. Let g be o(11). Suppose -11 = -w - m, -4*w + 53 = -m + 4. Let i = g - w. Calculate the highest common divisor of i and 39.
13
Suppose 0*o - o - 11 = -4*b, -b + 6 = 3*o. Suppose -p - b = -13. Suppose -4*t + 140 = -2*t. Calculate the greatest common divisor of t and p.
10
Let r(a) = -4*a**2 - 18*a - 4. Let w be r(-4). What is the greatest common divisor of 4 and w?
4
Let z = -1 - 5. Let s = -3 - -10. Let y = s + z. What is the greatest common divisor of y and 1?
1
Let a(r) = 2 - 8 + 2 - 4 + r. Let p be a(9). Calculate the greatest common factor of 3 and p.
1
Let q = -36 - 44. Let s = q - -116. Let h = 107 + -53. Calculate the highest common factor of s and h.
18
Let t(d) = -d + 6. Let s be t(-12). What is the greatest common factor of 2 and s?
2
Let q = -86 + 146. What is the highest common divisor of 24 and q?
12
Suppose -2*w + 7*w - 70 = 0. Let y = 484 - 228. Suppose 2*g = -2*m + y + 46, 3*m = g + 465. What is the highest common divisor of w and m?
14
Let t(i) = i**2 - 17*i - 7. Let s be t(18). Let d = s - -17. What is the greatest common factor of 308 and d?
28
Suppose 5*p - 86 - 70 = l, 0 = -p + 3*l + 34. Let q = 124 - 73. Let t = q - p. What is the greatest common divisor of 8 and t?
4
Suppose o + o - 22 = 0. Let t = 277 + -178. What is the greatest common divisor of t and o?
11
Let m(p) = -p - 4. Let z be m(-6). Calculate the greatest common factor of 2 and z.
2
Suppose 6*h = h + 420. Suppose 45 = -2*l - 3. Let q = -12 - l. What is the greatest common divisor of h and q?
12
Let b(t) = t**3 + t**2 - 3*t - 1. Let s be b(-2). What is the greatest common divisor of s and 1?
1
Let p be -1 - -44 - (-3 - -2). Calculate the greatest common factor of 110 and p.
22
Let a be ((-70)/4)/((-3)/6). Suppose -3*m + a = -16. Let l be (-2)/(-3)*-3 - -70. What is the highest common divisor of m and l?
17
Suppose -43 - 30 = -2*b - t, 4*b - 5*t - 111 = 0. Suppose 3*k - v - v + 37 = 0, 12 = -3*v. Let m = k + b. What is the highest common divisor of m and 152?
19
Let i = 94 - 93. Calculate the highest common divisor of 9 and i.
1
Let v(w) = -w + 2. Let l be v(-5). Let u be 3 + 6/(-3) + 1. Suppose u = h - 5. Calculate the greatest common factor of l and h.
7
Suppose -5*v - 26 = -t, -3*t - 4*v - 4 = -t. Suppose a + 2 = t. Let s(g) = -g**2 + 4*g + 5. Let p be s(a). Calculate the highest common factor of p and 5.
5
Suppose 5*a - 4*l = 22, 2*a + 1 - 11 = l. Calculate the greatest common factor of a and 1.
1
Let z = 12 + -7. What is the highest common divisor of 25 and z?
5
Suppose -5*y = -3*y - 8. What is the highest common factor of 1 and y?
1
Let r(o) = 3*o + 3. Let k be r(-3). Let x be ((-2)/k)/(4/276). Suppose 2*n = x + 43. What is the greatest common factor of 11 and n?
11
Suppose -2*c + 4*c = -8. Let q = c - -15. What is the highest common factor of 77 and q?
11
Suppose -138 + 6 = -2*j. Let h(x) = -x**3 + 5*x**2 - 4*x + 6. Let m be h(4). What is the greatest common divisor of j and m?
6
Let f = 32 + -30. Let g(j) be the third derivative of -j**4/6 + j**3/3 + 2*j**2. Let s be g(-4). Calculate the greatest common divisor of s and f.
2
Suppose 2*b + 0*q - 15 = q, -q + 5 = 0. What is the highest common divisor of 2 and b?
2
Suppose 3*u - 60 = 33. Suppose 7*q + 3 = u. Calculate the highest common divisor of 4 and q.
4
Let s be (6 - 8) + 4*3. Calculate the highest common factor of 5 and s.
5
Let j = 2 + 0. Suppose -112 - 14 = -j*a. What is the highest common divisor of 9 and a?
9
Let d(w) = -w**3 + 14*w**2 - 8*w - 14. Let q be d(13). Calculate the highest common divisor of q and 459.
51
Let j(x) = -x**3 + 5*x**2 - 3*x - 3. Let g be j(3). Calculate the greatest common factor of g and 4.
2
Suppose -163 = -c - 30. Let a = -3 + 22. What is the greatest common divisor of a and c?
19
Let x = 118 - 46. What is the greatest common divisor of 8 and x?
8
Suppose 0 = 2*d - 0*d - 168. Calculate the greatest common factor of d and 12.
12
Let v be 7 + 2/4*-6. Suppose -v*w + w = 4*i + 127, 173 = -5*w + 3*i. Let t = -12 - w. What is the highest common divisor of t and 10?
5
Let p(g) = -23*g**2 - 2*g. Let f be p(2). Let d = f - -141. Suppose d = j + 2*j. What is the greatest common divisor of j and 120?
15
Let h be (-1)/(((-8)/12)/2). Suppose -4*k - 3*z = -6*z - 23, -2*k - h*z = -7. What is the highest common divisor of k and 25?
5
Let j(s) = s**2 + 4*s - 3. Let i be j(-8). Let b = 209 - 6. What is the greatest common factor of i and b?
29
Let d = -17 + 26. What is the greatest common factor of d and 45?
9
Let f(d) = 4*d**2 - 4*d. Let s be f(3). Let g = -47 + 50. Calculate the greatest common factor of g and s.
3
Let l = -49 - -57. Calculate the greatest common divisor of 64 and l.
8
Suppose 0 = 4*m + m + 35. Suppose 18 = -b + 1. Let q = m - b. What is the highest common factor of q and 30?
10
Let j(b) = b**3 + 2*b**2 - 4*b - 1. Let s be j(-3). Suppose -s*a + 3 = -15. Let p be 8/(-3)*a/(-2). Calculate the greatest common factor of 132 and p.
12
Suppose 13 = j - 2*d - 74, 3*j - 267 = 3*d. What is the highest common divisor of j and 13?
13
Let f = 91 - 35. Suppose -2*q - 23 = -5*b - 3*q, -3*q + 13 = b. Suppose -b*k + f = -24. What is the highest common factor of k and 5?
5
Suppose -5*b + 83 + 16 = -4*c, -23 = -b + 4*c. What is the greatest common factor of 190 and b?
19
Let y = 30 + -25. Calculate the highest common factor of y and 20.
5
Suppose 0 = -y - 5*s, 2*y - 5*s + 26 - 101 = 0. What is the highest common factor of y and 25?
25
Let f = -3 - -23. Suppose 0 = 2*x - 3*g - 115, -4*x + 220 - 10 = -2*g. What is the highest common factor of f and x?
10
Let r(g) be the second derivative of -g**5/10 + g**2 + 4*g. Let z be r(-2). What is the greatest common factor of z and 3?
3
Suppose 0 = -4*h - 3*p, 0 = 5*h - 2*p + 4*p - 7. Let d be 3 + -3 + -1 + 21. Suppose -h*l = -d - 28. Calculate the highest common divisor of 40 and l.
8
Let v(x) = 4*x**3 + x**2 + x. Let r be v(1). Calculate the highest common divisor of 48 and r.
6
Suppose -3*x + x = 4*m - 26, 2*x - m = 21. What is the highest common divisor of x and 1?
1
Let d(s) = 2*s**2 + 1. Let o be d(3). Let g(n) = n**2 + 11*n + 3 - 3 + 0*n. Let u be g(8). What is the highest common divisor of o and u?
19
Let s be (-2)/(-6) - (-25)/15. Suppose -3*m = 5*l + m - 116, 5*l = s*m + 92. What is the highest common divisor of l and 30?
10
Let i = -17 - -20. What is the highest common divisor of 3 and i?
3
Suppose -2*y = 3*y - 5. Suppose 3*p = -q - 14, -p + y = 5*q + 15. Let u be ((-5)/q - 2)*32. What is the highest common divisor of u and 32?
16
Let d(q) = -4*q + 1. Let b be d(-1). Suppose -b*p + 138 = -2. 